ions digit of 1079349?
1
What is the hundreds digit of 380350?
3
What is the hundreds digit of 57539?
5
What is the ten thousands digit of 440109?
4
What is the hundred thousands digit of 3090107?
0
What is the thousands digit of 260538?
0
What is the hundreds digit of 848853?
8
What is the units digit of 688275?
5
What is the hundreds digit of 1770158?
1
What is the hundreds digit of 2033524?
5
What is the hundreds digit of 19887422?
4
What is the hundreds digit of 3582828?
8
What is the hundreds digit of 89749?
7
What is the tens digit of 130306?
0
What is the hundred thousands digit of 577073?
5
What is the thousands digit of 10457061?
7
What is the hundred thousands digit of 1192641?
1
What is the tens digit of 2717160?
6
What is the thousands digit of 1091242?
1
What is the tens digit of 5241121?
2
What is the ten thousands digit of 7674755?
7
What is the tens digit of 501418?
1
What is the hundreds digit of 8940230?
2
What is the hundreds digit of 18264098?
0
What is the ten thousands digit of 10596765?
9
What is the ten thousands digit of 15776182?
7
What is the units digit of 17484602?
2
What is the tens digit of 9393661?
6
What is the millions digit of 11214006?
1
What is the hundred thousands digit of 1229517?
2
What is the hundreds digit of 3619614?
6
What is the thousands digit of 3016322?
6
What is the thousands digit of 83862?
3
What is the ten thousands digit of 1763651?
6
What is the tens digit of 3471324?
2
What is the thousands digit of 10522101?
2
What is the units digit of 98821?
1
What is the hundred thousands digit of 23081622?
0
What is the thousands digit of 11867704?
7
What is the hundred thousands digit of 202173?
2
What is the ten thousands digit of 585241?
8
What is the ten thousands digit of 177377?
7
What is the hundred thousands digit of 10744897?
7
What is the hundreds digit of 7626663?
6
What is the units digit of 51918?
8
What is the hundred thousands digit of 3364657?
3
What is the millions digit of 17115772?
7
What is the millions digit of 9311969?
9
What is the tens digit of 12124444?
4
What is the hundreds digit of 3635787?
7
What is the ten thousands digit of 2399022?
9
What is the hundreds digit of 799576?
5
What is the hundred thousands digit of 10022715?
0
What is the ten thousands digit of 135380?
3
What is the tens digit of 186841?
4
What is the ten thousands digit of 753953?
5
What is the thousands digit of 18685702?
5
What is the thousands digit of 690742?
0
What is the hundreds digit of 28144485?
4
What is the units digit of 6907133?
3
What is the ten thousands digit of 3443391?
4
What is the units digit of 29117607?
7
What is the thousands digit of 472309?
2
What is the hundreds digit of 324412?
4
What is the tens digit of 349186?
8
What is the units digit of 548241?
1
What is the hundred thousands digit of 805303?
8
What is the ten thousands digit of 651873?
5
What is the thousands digit of 997873?
7
What is the units digit of 256608?
8
What is the tens digit of 452282?
8
What is the millions digit of 13928187?
3
What is the millions digit of 6572018?
6
What is the millions digit of 1451151?
1
What is the millions digit of 4619647?
4
What is the units digit of 322004?
4
What is the units digit of 103222?
2
What is the ten thousands digit of 6996874?
9
What is the hundreds digit of 329480?
4
What is the thousands digit of 65344?
5
What is the hundred thousands digit of 129856?
1
What is the ten thousands digit of 6833923?
3
What is the units digit of 1176979?
9
What is the ten millions digit of 15628676?
1
What is the units digit of 278421?
1
What is the hundreds digit of 382730?
7
What is the hundred thousands digit of 692848?
6
What is the hundreds digit of 839286?
2
What is the hundred thousands digit of 2003694?
0
What is the tens digit of 1461465?
6
What is the hundred thousands digit of 9211492?
2
What is the thousands digit of 501004?
1
What is the hundreds digit of 524587?
5
What is the units digit of 7400428?
8
What is the units digit of 17295541?
1
What is the ten millions digit of 25794727?
2
What is the hundreds digit of 32295839?
8
What is the hundred thousands digit of 1833538?
8
What is the ten thousands digit of 144968?
4
What is the thousands digit of 3857987?
7
What is the millions digit of 2917896?
2
What is the ten thousands digit of 694958?
9
What is the thousands digit of 152756?
2
What is the hundreds digit of 202523?
5
What is the ten thousands digit of 644826?
4
What is the hundred thousands digit of 4253093?
2
What is the ten thousands digit of 26697078?
9
What is the tens digit of 365491?
9
What is the hundred thousands digit of 609230?
6
What is the thousands digit of 2614158?
4
What is the tens digit of 8949312?
1
What is the tens digit of 89071?
7
What is the ten millions digit of 10742592?
1
What is the tens digit of 22134474?
7
What is the millions digit of 3034140?
3
What is the hundred thousands digit of 269434?
2
What is the ten thousands digit of 149500?
4
What is the units digit of 190952?
2
What is the hundreds digit of 97443?
4
What is the units digit of 3667867?
7
What is the tens digit of 121088?
8
What is the hundred thousands digit of 1736083?
7
What is the hundred thousands digit of 8312769?
3
What is the tens digit of 1934052?
5
What is the hundreds digit of 152785?
7
What is the ten thousands digit of 990644?
9
What is the tens digit of 405541?
4
What is the ten thousands digit of 524727?
2
What is the ten thousands digit of 656729?
5
What is the ten thousands digit of 6263386?
6
What is the hundreds digit of 171780?
7
What is the hundreds digit of 18502742?
7
What is the millions digit of 2033115?
2
What is the millions digit of 31731390?
1
What is the thousands digit of 1227653?
7
What is the hundred thousands digit of 4181080?
1
What is the thousands digit of 6424545?
4
What is the ten millions digit of 12302640?
1
What is the tens digit of 434331?
3
What is the hundred thousands digit of 1263067?
2
What is the hundred thousands digit of 174775?
1
What is the hundred thousands digit of 134597?
1
What is the ten thousands digit of 232110?
3
What is the thousands digit of 1656210?
6
What is the units digit of 1232140?
0
What is the thousands digit of 710093?
0
What is the thousands digit of 4411825?
1
What is the thousands digit of 10033742?
3
What is the hundred thousands digit of 127581?
1
What is the thousands digit of 35898566?
8
What is the tens digit of 1474594?
9
What is the ten millions digit of 18344818?
1
What is the hundreds digit of 370993?
9
What is the hundred thousands digit of 570898?
5
What is the thousands digit of 4104111?
4
What is the hundreds digit of 304405?
4
What is the hundreds digit of 344113?
1
What is the hundreds digit of 66601?
6
What is the units digit of 147999?
9
What is the tens digit of 2072353?
5
What is the thousands digit of 458062?
8
What is the hundreds digit of 5709349?
3
What is the units digit of 114582?
2
What is the ten thousands digit of 226002?
2
What is the hundreds digit of 2824352?
3
What is the hundreds digit of 3978710?
7
What is the ten thousands digit of 356279?
5
What is the ten thousands digit of 10810693?
1
What is the ten thousands digit of 31157?
3
What is the ten thousands digit of 49457?
4
What is the hundred thousands digit of 146148?
1
What is the ten thousands digit of 3319605?
1
What is the hundred thousands digit of 7155041?
1
What is the units digit of 189023?
3
What is the millions digit of 9834405?
9
What is the thousands digit of 965828?
5
What is the millions digit of 1230047?
1
What is the tens digit of 356605?
0
What is the tens digit of 14857799?
9
What is the hundreds digit of 274237?
2
What is the thousands digit of 532180?
2
What is the units digit of 126058?
8
What is the hundreds digit of 257089?
0
What is the ten thousands digit of 396818?
9
What is the hundreds digit of 11236701?
7
What is the thousands digit of 10109393?
9
What is the hundreds digit of 44982?
9
What is the units digit of 926155?
5
What is the hundreds digit of 857731?
7
What is the ten thousands digit of 307744?
0
What is the thousands digit of 820875?
0
What is the hundreds digit of 518460?
4
What is the units digit of 55281?
1
What is the ten thousands digit of 566817?
6
What is the hundreds dig